21
In base 8, what is -2 - -20633504?
20633502
In base 7, what is -43132 - 613?
-44045
In base 3, what is -12 - 12111002012202?
-12111002012221
In base 2, what is -1111011110001111 - 10001011?
-1111100000011010
In base 2, what is -100101010111100010111 + -1?
-100101010111100011000
In base 13, what is -4 - -845ab5?
845ab1
In base 10, what is 1136 - 1196?
-60
In base 7, what is 6 + 402635201?
402635210
In base 3, what is 1102221002011000 - -100?
1102221002011100
In base 5, what is -41133030233 + -2?
-41133030240
In base 14, what is -54c50cc + -6?
-54c50d4
In base 12, what is 17011 + 3a0?
173b1
In base 13, what is a6a12c + 3?
a6a132
In base 11, what is -538851 + 162?
-53869a
In base 9, what is 3 + -5774573?
-5774570
In base 11, what is 27a6 - 13295?
-1059a
In base 14, what is 1489295 - -4?
1489299
In base 13, what is 3383 + 2229?
55ac
In base 6, what is -223 + 31400020?
31355353
In base 10, what is -6181 + -11452?
-17633
In base 10, what is 1928 - 130000?
-128072
In base 11, what is -4 - 576a953?
-576a957
In base 10, what is 680485 + 406?
680891
In base 11, what is a2636 - 438?
a21a9
In base 11, what is 946 - -44561?
453a7
In base 3, what is -1 + 10021011001111211?
10021011001111210
In base 15, what is 11086 + -15b?
10e2a
In base 4, what is 202330 - 13130231?
-12321301
In base 14, what is 833b11 + -10?
833b01
In base 6, what is 221543 + -12013?
205530
In base 13, what is -18a + 18cac?
18b22
In base 12, what is 1955b + -961?
187ba
In base 8, what is -33265 - 3321?
-36606
In base 10, what is 22 - 1509175?
-1509153
In base 2, what is 100000001000011 + 100100010000100?
1000100011000111
In base 6, what is -532400240 - 41?
-532400321
In base 8, what is 170424207 - 25?
170424162
In base 6, what is -31405 - -300023?
224214
In base 10, what is -1294440 - 16?
-1294456
In base 10, what is -1650094 - 97?
-1650191
In base 11, what is -13 + -394243?
-394256
In base 7, what is -4045 - 23321?
-30366
In base 13, what is 10679c0 + 52?
1067a42
In base 7, what is 13310241 - -1?
13310242
In base 7, what is 366 - 13534423?
-13534024
In base 14, what is -333a44 - 4?
-333a48
In base 9, what is -88 + -231716?
-231815
In base 7, what is 152 + 11504141?
11504323
In base 16, what is -10 - 46d29?
-46d39
In base 13, what is -5047b - -159c?
-4bbac
In base 3, what is 2012201210212121 - -2?
2012201210212200
In base 12, what is -228078b + 0?
-228078b
In base 5, what is 2030334 - 2301?
2023033
In base 8, what is 137 - 14174410?
-14174251
In base 6, what is -103202334 + -102?
-103202440
In base 3, what is -20200 - 10200100?
-10221000
In base 11, what is 10947a8 + -15?
1094793
In base 11, what is -1050 - 166904?
-167954
In base 15, what is 648 + -5802?
-51a9
In base 15, what is 29be608c - 0?
29be608c
In base 16, what is 1e344a + -e?
1e343c
In base 14, what is 3 + 9788c4?
9788c7
In base 9, what is -414 - -130846?
130432
In base 4, what is -103033230 + 3032020?
-100001210
In base 16, what is 1e0118 + -14?
1e0104
In base 7, what is 1133620 - -6025?
1142645
In base 7, what is -12 + 232461142?
232461130
In base 14, what is -b + 18b9721?
18b9714
In base 3, what is -1022200021000210011 + 12?
-1022200021000202222
In base 4, what is -11023 + -3313013?
-3330102
In base 16, what is -241ec + -1e2f?
-2601b
In base 3, what is 10 - 2100021020210001?
-2100021020202221
In base 9, what is -404156 + -42?
-404208
In base 8, what is -11066 - 223172?
-234260
In base 9, what is -4537 - -2386?
-2141
In base 4, what is 222031323 + 3313?
222101302
In base 4, what is 1133320 - 1100111?
33203
In base 2, what is 101000011011011011010 - -1000010?
101000011011100011100
In base 16, what is 5 - -7ea01a9?
7ea01ae
In base 3, what is -20 + 212222112111?
212222112021
In base 15, what is -1a03eb - 10?
-1a040b
In base 16, what is 1663 + 108?
176b
In base 4, what is -203330233 - -2001?
-203322232
In base 16, what is -d914bb - 0?
-d914bb
In base 16, what is -23 + 2515c?
25139
In base 5, what is -14041 + -3310110?
-3324201
In base 5, what is 4 + -13110211231?
-13110211222
In base 10, what is -63662326 - 0?
-63662326
In base 3, what is -100 + -2121121112021022?
-2121121112021122
In base 9, what is 528047 + -66?
527871
In base 14, what is -1 - 1c26bd8?
-1c26bd9
In base 4, what is 10 + -122002131212?
-122002131202
In base 11, what is 127613 - -190?
1277a3
In base 16, what is 3 - 9eefb?
-9eef8
In base 16, what is -12aa5 - -8?
-12a9d
In base 14, what is 2 + a29a402?
a29a404
In base 7, what is 4 - -34563240?
34563244
In base 9, what is -4350556 + 1?
-4350555
In base 3, what is 20122002000011 - 10?
20122002000001
In base 6, what is 4 + 112202541?
112202545
In base 15, what is 3 + -6763ad?
-6763aa
In base 2, what is -10011100010100111000011 - -11111011?
-10011100010100011001000
In base 4, what is 11310031001 - 123?
11310030212
In base 6, what is -10003 + -20131310?
-20141313
In base 12, what is 4 + -44447aa?
-44447a6
In base 14, what is -5 + a6030a6?
a6030a1
In base 14, what is -a08da - 3?
-a08dd
In base 15, what is 355a68 - -14?
355a7c
In base 12, what is -3 - -aa3b78?
aa3b75
In base 10, what is -66 + 684226?
684160
In base 10, what is -3 - -329657023?
329657020
In base 6, what is 223134421 + -1?
223134420
In base 5, what is -130202204 - 114?
-130202323
In base 15, what is 1ce62cc - 9?
1ce62c3
In base 13, what is 9c2 + 15889?
1657b
In base 6, what is 43035402 - -3235?
43043041
In base 12, what is -4 + -1031829?
-1031831
In base 13, what is 0 + -7552a1?
-7552a1
In base 13, what is -a954a7 - 0?
-a954a7
In base 15, what is -80617 + -5?
-8061c
In base 11, what is -607 + aa50a?
a9a03
In base 6, what is 0 + 112131443?
112131443
In base 14, what is 17537 + 6c?
175a5
In base 7, what is 3355216155 + 0?
3355216155
In base 14, what is -799c82 - 6?
-799c88
In base 4, what is -232210231113 - 1?
-232210231120
In base 11, what is -1a + 59351?
59332
In base 5, what is 1024 + 2103344?
2104423
In base 12, what is -2847 - -1536?
-1311
In base 14, what is -1 + -202119?
-20211a
In base 11, what is 2176 - -11936?
14001
In base 5, what is -44320132 + 1431?
-44313201
In base 3, what is -1 - 12200221101120122?
-12200221101120200
In base 12, what is 9a53a2 + 5?
9a53a7
In base 3, what is -100 - 12000011221222210?
-12000011222000010
In base 15, what is -1 + 2ae4844?
2ae4843
In base 16, what is -c8 - 921b4?
-9227c
In base 14, what is 2c38 + 21220?
24058
In base 15, what is 5d592 + ce?
5d671
In base 3, what is 1222100 - 121001222?
-112002122
In base 3, what is 2220012 - 22200220122?
-22121000110
In base 14, what is -b62ca - -39?
-b6291
In base 12, what is -1b2 - 17608?
-177ba
In base 10, what is 2016 + 18478?
20494
In base 12, what is 3ab - 171b88?
-171799
In base 9, what is -251457 + 176?
-251271
In base 6, what is 2213420 - 4231?
2205145
In base 14, what is -4116 + -3566?
-767c
In base 8, what is 206122 + 1257?
207401
In base 2, what is -10000100001 + -11111001111110?
-100001010011111
In base 8, what is -43627153 - 42?
-43627215
In base 11, what is -25 + -97357?
-97381
In base 4, what is -3232101122220 + -13?
-3232101122233
In base 8, what is -406 + 474170?
473562
In base 3, what is 1 + 21111122011210?
21111122011211
In base 10, what is 3589695 - 4?
3589691
In base 7, what is -2004234 + -510?
-2005044
In base 14, what is -2 + -62ad20?
-62ad22
In base 12, what is -b1 + -8196?
-8287
In base 4, what is 10 + -31022213313332?
-31022213313322
In base 5, what is 12 + -12130414443?
-12130414431
In base 2, what is 10011110010100 + -1100000000001?
111110010011
In base 9, what is 0 - 1734252?
-1734252
In base 9, what is -810 + -264166?
-265076
In base 6, what is -2 + -2513202?
-2513204
In base 5, what is -44343 - -432204?
332311
In base 3, what is 1110012221202011 - -20?
1110012221202101
In base 6, what is 1300 + -4341515?
-4340215
In base 2, what is 10111111101000010000110000 + 110?
10111111101000010000110110
In base 13, what is -53 + -3781636?
-3781689
In base 11, what is -a2a - 18425?
-19354
In base 3, what is -10010001120200212 - 1?
-10010001120200220
In base 12, what is 10 - -51aa60?
51aa70
In base 5, what is 2014441020 + -2?
2014441013
In base 5, what is -10110333 + 3?
-10110330
In base 10, what is -67667 + -104?
-67771
In base 10, what is 80241243 + -4?
80241239
In base 11, what is -5 + -14009543?
-14009548
In base 13, what is 63b594 + 170?
63b734
In base 1